28 + (-4)/14. Let k = c - -68. Is k prime?
False
Suppose 2 = r - 7. Is (-2736)/(-81) - (-2)/r a composite number?
True
Let v be 43/(-2 - 74/(-36)). Is v/15*(-5)/(-2) a composite number?
True
Let l be (-3 + 1)*(-797)/2. Let n = l - 544. Is n a composite number?
True
Let c be (-7)/(-28) + (-295)/(-4). Suppose 5*b = 226 + c. Let z = -29 + b. Is z a composite number?
False
Let n(w) = w + 9. Let p be n(-4). Let f = p - 7. Is ((-4)/f)/(6/381) composite?
False
Let j = 1957 + -1378. Is j a composite number?
True
Let f(z) = -261*z + 5. Is f(-4) prime?
True
Suppose 658 = -0*r + 2*r + 4*g, -r - g = -330. Is r a composite number?
False
Suppose -15 = f - 2*f. Suppose r + 5*w = -f, -3*w = -3*r - 1 - 8. Is ((-182)/6)/(r/15) composite?
True
Let l = 6088 - 4151. Is l a prime number?
False
Suppose -5 - 3 = -4*f. Let w(g) = 6 - 3*g + g + g**2 - g**3 - 3*g**f. Is w(-5) a prime number?
False
Let a(z) = -6 + 7 + 0 + 76*z. Let k be a(1). Suppose 0 = -2*v + v + k. Is v a prime number?
False
Let u(c) = 3*c**2 + 3*c - 3. Let p be u(-3). Let h be (-200)/3 - 5/p. Is (2 - 0)*h/(-2) prime?
True
Suppose -n = -5*i - 3*n + 70, 5*i - 70 = 4*n. Is i prime?
False
Suppose 0 = 5*u + 7 + 13. Is (-18)/(-24) - 185/u prime?
True
Let x(j) = j**2 + 2*j**2 + 18 + 10*j + j - 9. Is x(-11) prime?
True
Let b(c) = 49*c - 15. Is b(8) a composite number?
True
Is -3*(0 + (-934)/6) + 2 prime?
False
Let u(n) be the first derivative of n**3/3 + 4*n**2 - n + 13. Let g be (-4)/(-2) + -11 + -1. Is u(g) prime?
True
Suppose -20 = -k + 5*j, -2*k - 3*j + 0 = 12. Suppose 3 = -2*d + 3*s + 1, 3*d + 4*s - 14 = k. Is (-417)/(-6) + d/(-4) prime?
False
Is 0 - 1/(-2) - (-460)/8 composite?
True
Suppose -5*r = 3*d + 11, -5*d = -3*r + 12 - 5. Is ((-13)/d)/((-5)/(-10)) a prime number?
True
Let u(a) = 9*a**3 + 2*a**2 - 5*a - 1. Is u(4) a composite number?
False
Let i(n) = n**2 + 4*n - 5. Let t be i(-5). Let u be ((-5)/(-15))/(1/12). Suppose -u*z - z + 595 = t. Is z prime?
False
Let d be 0 + 3 + -1 + -5. Is 36 + (9/(-3))/d composite?
False
Suppose -2*n = -5 - 3. Suppose 5*f - 39 = n*m, 5*f - 4*m - 35 = m. Suppose 4*u - 13 - f = 0. Is u a prime number?
False
Suppose y - 183 = 274. Let p = -323 + 99. Let g = p + y. Is g a prime number?
True
Let t be 0 - (1 + 0 + -3). Let b be (-43)/t - (-2)/4. Is (b/3)/((-1)/5) a prime number?
False
Let j be ((-16)/(-8))/((-2)/102). Let a = j - -179. Is a prime?
False
Let o(t) = -3*t**3 + 3*t - 112. Let g(d) = -d**3 + d - 37. Let v(p) = 17*g(p) - 6*o(p). Is v(0) composite?
False
Is (-2)/((-12)/(-99))*2/(-1) composite?
True
Suppose y + 3*y + 760 = 0. Let h = y + 279. Is h composite?
False
Let n = -2 - -22. Suppose 4*a = -0*a - n. Let d(i) = i**2 - i + 5. Is d(a) prime?
False
Let x(t) = t**3 - 7*t**2 + t - 5. Let h be x(7). Suppose 3*w - 4 = h. Suppose 4*n - 154 = w*n. Is n a composite number?
True
Suppose 195 = -3*x + 3690. Suppose b + x = -4*b. Let s = 416 + b. Is s a prime number?
False
Let g be 0 - -12 - (11 + -8). Suppose -4*j = -3 - g. Is j a composite number?
False
Let y = -27 + 38. Let p be 2/y - 9/(-11). Suppose 21 + p = w. Is w a prime number?
False
Suppose 3*g + 5*q = 60, q + 29 = 4*g - 51. Suppose g = 5*o - 80. Let k = -5 + o. Is k composite?
True
Suppose -a - 2*j = 1, 22 = 3*a - 2*j + 1. Suppose a*p = 5*d - 10 + 75, 0 = 3*p - 5*d - 39. Is p a composite number?
False
Let z(y) = y**2 + 3*y + 1. Let v be z(-3). Let u(k) = 52*k**2 - 3*k + 2. Is u(v) composite?
True
Suppose -22 = 3*x - 445. Is x a prime number?
False
Let x(y) = 9*y**2 + 2*y + 3. Let b be x(-2). Is (b/(-2))/((-5)/10) a composite number?
True
Let z = 3094 + -1613. Is z a composite number?
False
Let t = -39 - -86. Suppose 0 = s - 2*j - t, -3*s - 5*j + 96 = -2*j. Is s a prime number?
True
Suppose 5*r - 33 = 2*r. Let h(t) = -7*t**3 + 4*t**2 + 10*t - 2. Let q(c) = -13*c**3 + 7*c**2 + 19*c - 4. Let b(l) = r*h(l) - 6*q(l). Is b(2) composite?
True
Let l = 4 + -2. Suppose -h + 5*u = -42, -146 = -5*h + l*h - 5*u. Suppose 3*c - 44 = -2*k, 0 = 4*k + 4*c - h - 37. Is k a composite number?
False
Let g = -2045 - -3526. Is g a composite number?
False
Suppose 0 = -j - 5*w - 36 + 10, 5*w - 78 = 3*j. Is (0 + 1)/((-2)/j) a prime number?
True
Let b = 137 + -224. Suppose -6*v = -2*v - f - 620, -5*f - 636 = -4*v. Let x = v + b. Is x composite?
False
Let l(x) = -9*x**3 - x**2 - x. Is l(-1) composite?
True
Suppose 4*l = 1133 + 55. Let r = l + -112. Is r a composite number?
True
Let u = -86 - -467. Is u a prime number?
False
Let j be (12/(-14))/((-3)/21). Let m be 19 - (-3)/(9/j). Let x = 36 - m. Is x a prime number?
False
Let r be (-3)/(-15) - (-19)/5. Let d be r/(-3)*(-165)/10. Let u = d - 12. Is u composite?
True
Suppose 2*g + 1790 = 4*h, -1533 = 2*g + 4*h + 265. Let f be g - (-2 + (3 - 0)). Is f/(-6) + (-8)/12 a composite number?
False
Let n = -2 - -3. Is (-1 + 0)*n + 24 a prime number?
True
Let c(x) = -2*x**3 + 2*x. Let m be c(-2). Is (-4)/m + 606/9 a prime number?
True
Suppose -n + 3*n = 578. Suppose -3*d = 4*r + 436, d + d + 3*r + n = 0. Let m = d + 214. Is m a prime number?
False
Let z = 52 - 25. Let f = 4 + z. Is f a composite number?
False
Let o(f) = -f - 1. Let b be o(7). Let p(d) = -7*d - 3. Is p(b) a composite number?
False
Let s(o) = 4*o. Let x be s(1). Suppose -605 = -x*g + 55. Suppose -4*f + g = f. Is f a composite number?
True
Let i = -19 + 21. Suppose 0 = 2*m + i*m - 740. Is m a composite number?
True
Suppose 3*g = f + 17, -4*g + 2*f + f = -16. Suppose 0 = 4*u - 19 + g. Suppose -u*m + 5*m = 66. Is m composite?
True
Let l be 0*2/(-4) - -10. Let y(w) = -w**2 + 10*w - 9. Let s be y(l). Is (-8)/36 - 335/s prime?
True
Let d be (34/(-10) + 3)*-5. Suppose d*t + 8*b - 266 = 4*b, -514 = -4*t - 2*b. Is t prime?
True
Let z(m) = m**2 - 4*m + 2. Let p be z(4). Suppose -3*y - a + 261 + 514 = 0, 502 = p*y - 3*a. Is y prime?
True
Let k be (-8 - 0)*6/(-8). Let o be -3 + (-2 - 4*6). Let g = k - o. Is g composite?
True
Let h(g) = -g**3 - 4*g**2 + 7*g + 1. Suppose 0 = 3*x - 3, -f + 3*x - 7 = 2*x. Is h(f) a prime number?
True
Let c be 0*(-1 - (1 + -1)). Let o be (-1 - 1)*(c - -8). Let d = 3 - o. Is d prime?
True
Suppose -3*z - 7 = -1. Let k be ((-1)/z)/(4/264). Suppose n - 51 = -2*w, 3*n - k = w + 141. Is n a composite number?
True
Suppose -18*n + 13*n = -6995. Is n a composite number?
False
Let h(z) = 11*z - 13. Let q be h(13). Suppose -l + q = l. Is l a prime number?
False
Suppose -5*o = 2*d + 10, 5*d = d - 4*o - 8. Suppose d = -4*q + 5*q - 1. Is (q + -2)*(0 + -3) composite?
False
Let v(f) = -2*f**3 + 3*f**2 + 10*f + 24. Is v(-7) prime?
True
Let r = -992 + 1673. Is r a composite number?
True
Let z(x) = -7*x**2 + x + 5. Let o be z(4). Let p be (-2)/2 + -5*11. Let r = p - o. Is r a composite number?
False
Suppose 3*j = 5*g - 12, -3*g = -3*j - 7 + 1. Let s(x) = 7*x**g + 3*x + 0*x - 1 + 3*x**3. Is s(2) prime?
False
Let c(l) = -l**2 - 8*l - 6. Let u be c(-6). Suppose 3*p - u*p + 633 = 0. Is p a prime number?
True
Is 4 - (-4740)/(-8)*88/(-10) composite?
True
Suppose 102 = -3*i + 5*i. Let n = 146 - i. Is n a prime number?
False
Suppose 2*j - 21 = -3*z, -z - j + 3 = -5. Suppose 4*f - 11 = 3*w - 0*f, 0 = 3*w - z*f + 10. Let k(h) = -h + 2. Is k(w) a prime number?
True
Let m(n) = 7*n**2 - 3*n + 17. Let h be m(9). Let x = 954 - h. Is x composite?
False
Suppose 11*l - 6106 = 14211. Is l a composite number?
False
Let u = -4 - -4. Let p = u - 0. Is (-21 + 2)/(-1 + p) prime?
True
Is 662/(11 + -4 + -5) a prime number?
True
Suppose 0 = -2*l - 48 + 270. Is l a composite number?
True
Let o(p) = -92*p**3 + p**2. Let n = -3 + 4. Let r be o(n). Let k = -14 - r. Is k prime?
False
Let h(v) = -v**3 + 4*v**2 + 6*v. Let p be h(5). Let u = -3 + p. Suppose -6*c + 2*c + 128 = 2*f, -u*f + 29 = c. Is c a composite number?
True
Suppose 0 = 4*s + 226 + 90. Suppose 7*o - 2*o - 680 = 0. Let f = o + s. Is f a prime number?
False
Suppose 8 = 7*h - 3*h. Suppose 0 = p + 2*f - 6, -2*p = h*p - 2*f - 34. Suppose 3*g - p = 10. Is g a composite number?
True
Suppose 4*t + 71 - 1867 = 0. Is t composite?
False
Let w = -434 + 1243. Is w a composite number?
False
Let c be -2 - (-2 + -2)/2. Suppose c*m - 5*m = 670. Is (1 - m - 2) + -2 a prime number?
True
Suppose -4*o + 288 - 39 = -p, 3*p + o = -812. Let j = -127 - p. Is j a prime number?
False
Let x(c) = -2*c**3 - c**2 - 2. Is x(-3) a pr